 - 90 = -10. Is z a multiple of 10?
True
Let t be 2*((-27)/(-6) + 1). Suppose -t = -5*j + 49. Is j a multiple of 12?
True
Let j(m) = 3*m**2 + m + 3. Is j(-5) a multiple of 10?
False
Suppose 0*t + 36 = 2*t. Suppose 0 = 4*c - 2*w - t, 3*w - 10 = -2*c + 5*w. Is 2 a factor of c?
True
Suppose 3*i - r = -2*i + 22, 5*r = -2*i + 25. Suppose i*b = -5*x + 350, 3*b = -5*x + 130 + 212. Is x a multiple of 22?
True
Suppose 8*h = 9*h - 4. Suppose -h*z = -5*f - z + 155, -3*f = -2*z - 92. Does 9 divide f?
False
Suppose 5*n = -137 + 377. Is 12 a factor of n?
True
Let u(i) be the second derivative of i**4/4 + 2*i**3/3 + 5*i**2/2 - 5*i. Is 9 a factor of u(-4)?
False
Suppose 0 = 2*c - y - 6, -5*c + 3*y - 3 + 19 = 0. Suppose -2*k + 19 = -c*a + k, -4*a = k + 3. Does 3 divide (-30)/25*10/a?
True
Let g be (4/14)/((-6)/(-42)). Suppose -3*b + 126 = -g*b. Let c = b - 75. Does 17 divide c?
True
Suppose -2*r + 34 = 2*o, -3*o - 37 = -5*o - 5*r. Is 9 a factor of o?
False
Let j(r) = r**3 + 8*r**2 + 7*r + 1. Let f be j(-7). Let y be (1 + 1 + 0)*f. Suppose -56 = -y*b - 2*i, -i = 2*b + 3*i - 60. Is b a multiple of 13?
True
Let k = -3 - -7. Suppose 4*j = -k*u - j + 13, 4*j = 2*u. Suppose -n - 2*q = -1, -3*q - u*q = 25. Is n a multiple of 11?
True
Suppose -2*r - 11 + 95 = 0. Is r a multiple of 17?
False
Let t(l) = 11*l. Suppose -6*u + u = 35. Let m(g) = -34*g - 1. Let o(w) = u*t(w) - 2*m(w). Is 16 a factor of o(-3)?
False
Suppose -14 = -4*y + 2*f, -5*f + 5 = -0*f. Is y even?
True
Suppose 0 = -z - 1 + 4. Suppose 4*w - 14 = w - j, 18 = 3*w - z*j. Is 5 a factor of w?
True
Let q be (-1 + 1)*4/(-8). Let a = 4 - 0. Suppose q = j + a*j - 155. Does 13 divide j?
False
Let y = 3 + -4. Let v = 13 + y. Suppose -60 = -4*a - v. Is a a multiple of 5?
False
Suppose -v = -3*v + 38. Is v a multiple of 19?
True
Let q = -17 + 56. Does 12 divide q?
False
Let y(c) = 17*c - 1. Is y(1) a multiple of 16?
True
Let t be (-331)/(-7) + 2/(-7). Let i = t + -15. Suppose 0 = 4*o + 4*g - 16 - i, 30 = 4*o - 5*g. Is o a multiple of 5?
True
Let h = -4 - 3. Let y(l) = -l. Is y(h) a multiple of 3?
False
Let m(w) = 9*w - 3. Is 5 a factor of m(2)?
True
Let d(g) = -g**3 + 6*g**2 + g - 2. Let z be 2/3*18/4. Let a be d(z). Is 15 a factor of a - (-6)/(-9)*-3?
True
Suppose -3*i = i - 28. Let w(t) = -4*t + 0*t + i - t**2 - 9*t. Is 3 a factor of w(-13)?
False
Suppose -188 = 10*a - 748. Is a a multiple of 11?
False
Suppose z + 3*z = -5*i - 55, 2*i + 35 = z. Let s be i/(-10)*2/3. Is 6/2 - s*-27 a multiple of 15?
True
Suppose -4*r = -r - 15. Suppose r*m + 135 = -d + 6*d, -4*m + 60 = 3*d. Is d a multiple of 12?
True
Let d(k) = 27*k - 6. Suppose -2*j + 2*z = -2*z + 14, 4*j = 3*z - 3. Is d(j) a multiple of 25?
True
Let q be 2/6 - 1/3. Is (q + 2)*21/2 a multiple of 13?
False
Let w = -8 - -10. Let z be ((-2)/3)/(w/(-9)). Suppose -4*i + z*c + 99 = 0, -i = 4*i + 2*c - 95. Is i a multiple of 8?
False
Suppose 155 = 4*q - 133. Suppose 3*f = -4*r + q, 11 = -2*r + 5. Does 8 divide f?
False
Suppose -4*h + 5*w = 10 - 2, -5*h + 19 = w. Suppose -h*v + 120 = -0*v. Suppose 0*u = 2*u - v. Does 8 divide u?
False
Suppose -5*u = z - 15, 5*u - 17 + 2 = 4*z. Suppose z = a - 28 + 2. Is 13 a factor of a?
True
Let t = -13 - -10. Suppose -4*x - 4*w + 148 = 0, -205 = -4*x + 3*w - 43. Let z = x + t. Is 18 a factor of z?
True
Does 7 divide 6/15*19*5?
False
Suppose 5*f - 64 = 161. Let x = f + -26. Is x a multiple of 19?
True
Let h(k) = k**2 + 11*k + 14. Is 15 a factor of h(9)?
False
Suppose -5*v + 62 + 163 = 0. Suppose 2*n + v = l, 0*l + 2*l - 3*n = 87. Is l a multiple of 8?
False
Let i be (166/(-6))/((-2)/12). Suppose 5*v + j - i = 0, 0 = -4*j - 2 + 6. Is 18 a factor of v?
False
Let i = 6 + -2. Suppose i*b - 6 = b. Suppose b*t - 3 - 5 = 0. Is 4 a factor of t?
True
Let s = 0 + 3. Suppose -3*j + 261 = t, 2*j + 364 = 6*j - 4*t. Suppose j = a + s*a. Is a a multiple of 18?
False
Suppose 3*u - 2*x - 9 = 0, u + 0 = 2*x + 3. Is -2*u*16/(-6) a multiple of 8?
True
Suppose 28 = -4*q - 8. Does 14 divide 2/q - (-544)/18?
False
Let j(x) = 7*x - 4. Let f(c) = 104*c - 60. Let b(d) = 6*f(d) - 88*j(d). Is b(4) a multiple of 12?
True
Let i(v) be the first derivative of -4*v**2 + 4*v + 2. Is i(-3) a multiple of 14?
True
Let u = 10 + -1. Let h = u + 1. Is 8 a factor of h?
False
Suppose -5*l + 5 = g, l = -2*g - 0 - 8. Suppose 32*q = 35*q - 99. Suppose d = -l*d + q. Is d a multiple of 11?
True
Is 7 a factor of (-4)/22 - (-312)/22?
True
Let y(l) = l + 17. Let g be y(-14). Let r(v) = v**3 - v**2 - v + 2. Let z be r(0). Suppose d = z*u - g*u + 15, -d + 4*u - 10 = 0. Is 10 a factor of d?
True
Let f(d) = -d**2 + 7*d + 5. Let x be f(7). Suppose -x = -w + 25. Is w a multiple of 10?
True
Let f = -2 - -4. Let l(z) = -2 + 8*z - f*z + 0*z. Does 8 divide l(3)?
True
Suppose -3*m = -5*i - 4, m + 1 = 4*i - 0. Suppose 0 = 3*n + 3, 4*n = -2*f - m*f + 176. Is f a multiple of 10?
False
Does 29 divide (-7182)/36*2/(-3)?
False
Suppose m + 40 + 6 = 0. Is 12 a factor of (m/(-4 - -2))/1?
False
Let w(k) = -5*k**3 + 3*k**2 + 3*k + 2. Let l be w(-2). Suppose -2*s + l = -0*s. Is 8 a factor of s?
True
Let m = -6 - -13. Let d = -3 + m. Suppose d*b - 6 = 42. Does 12 divide b?
True
Let g(d) = -3 + 0 - d + 1. Let m be g(-2). Suppose 3*y + 2*y - 195 = m. Is y a multiple of 16?
False
Suppose -269 = -5*p - s, 3*p - 4*s = -2*s + 151. Is 3 a factor of p?
False
Suppose -5*x - 2*i + 310 = 0, 0 = -4*x - 5*i - 0*i + 231. Does 35 divide x?
False
Suppose 5*d + 105 = -2*j + 4*j, 3*d + 272 = 5*j. Is 11 a factor of j?
True
Let r = 8 - 7. Does 14 divide (-2 - -16)*(r - 0)?
True
Suppose 3*d = -0*d + 51. Does 8 divide d + 3 + 1*-2?
False
Let w = -29 - -40. Is 2 a factor of w?
False
Suppose 4*c + 0*c = 216. Let n = c + -26. Does 15 divide n?
False
Suppose -2*o = -0 - 14. Let i(s) = s**3 - 4*s**2 + 2*s + 9. Let v be i(o). Suppose v = 5*u + 20. Does 14 divide u?
False
Let p be -2 - 2*6/(-4). Let b(n) = 47*n**3 - n**2 - n + 1. Let h be b(p). Let a = h + -31. Does 15 divide a?
True
Let h be (-2 + (-1 - -3))/(-1). Is 19 a factor of 36 + 3 + h + -1?
True
Let f be (-10)/(-3) - (-1)/(-3). Let i(z) = 12*z**2 + 2*z + 4. Let y be i(f). Let j = -73 + y. Does 12 divide j?
False
Suppose -5*r + 424 = -r. Suppose -r = -3*j + 3*y - 8*y, j - 3*y - 12 = 0. Does 10 divide j?
False
Suppose 2*w - 225 = 65. Is 29 a factor of w?
True
Suppose -3 = c - 0*c. Let d = c + 6. Let i(b) = 5*b - 2. Is 7 a factor of i(d)?
False
Let u(w) = w + 1. Let q(g) = -2*g**3 + 2*g**2 - 2. Let o be q(-2). Let v(d) = 9*d + 15. Let z(p) = o*u(p) - 2*v(p). Is 8 a factor of z(6)?
True
Let l be (1 + 0)*(2 - 2). Suppose -4*a + 65 = 5*w, -a + l*w - 2*w + 17 = 0. Is a a multiple of 11?
False
Suppose -4*l = -2*q + 22, q - 5*l + 5 = 5*q. Suppose -68 = -3*m - 8. Suppose q*k - k - m = 0. Is 3 a factor of k?
False
Suppose -m - 4*m + 14 = -x, 5*x - 14 = -3*m. Suppose i - 1 = -m*d, 3*i = 4*d + 9 - 58. Let w = 0 - i. Does 11 divide w?
True
Suppose 21 = 4*u - 3*n - 32, 2*n = -5*u + 49. Is u a multiple of 9?
False
Let k = -6 + 11. Let o be ((-3 - -2) + 0)*-17. Suppose -43 = -k*a + o. Is a a multiple of 6?
True
Suppose 0 = -3*d + 6. Suppose r - 2*r = 5*m - 98, -r + 41 = d*m. Is 10 a factor of m?
False
Let a = -16 + 10. Is (-8)/a*(22 - -2) a multiple of 16?
True
Suppose 0*x = -4*x + 452. Is 15 a factor of x?
False
Suppose 4*r = -r + 35. Suppose 0 = -4*w + 41 + r. Suppose -2*g + g = -w. Is 7 a factor of g?
False
Let o be 5044/14 + 12/(-42). Is 3 a factor of 4/26 + o/26?
False
Suppose -21 = w + 2*w. Let b be 0 + 228 - (w + 5). Suppose -b = -2*o - 3*o. Is o a multiple of 20?
False
Let v = -21 - -7. Is ((-24)/28)/(2/v) a multiple of 6?
True
Let v = -2 + 3. Let w(q) be the second derivative of 11*q**4/12 - q**3/3 + q**2/2 - 6*q. Is 5 a factor of w(v)?
True
Let k = 7 + -5. Suppose -4*o - k = 6. Let n = 10 + o. Is 8 a factor of n?
True
Let b = 317 - 122. Does 26 divide b?
False
Let i = 133 - 43. Suppose 8*u = 3*u + i. Does 11 divide u?
False
Let s(w) = -4*w**3 - 12*w**2 - 2*w + 4. Let j(c) = 3*c**3 + 11*c**2 + c - 3. Let l(u) = 3*j(u) + 2*s(u). Let y be 6*((-3)/(-6) + -2). Is l(y) a multiple of 4?
True
Let p(x) = -4*x - 39. Does 4 divide p(-15)?
False
Suppose 5*g - 48 = 2*g. Does 6 divide g?
False
Suppose 0 = -x - 4*r - 4, -4*r - 1 = -5*x + 3. Suppose -g + 4*h + 26 = x, -2*g + 23 = -4*h - 13. Does 1